+ 230, -221 = -5*o + 2*p. Suppose -f + o = s, k*f - 174 = -f - 3*s. What are the prime factors of f?
3, 5
Let c(u) = -13*u - 92. Let r be ((-476)/(-51))/(0 - 2/3). What are the prime factors of c(r)?
2, 3, 5
Let c = 55 + -58. Let d(l) = -l**3 - l**2 - 4*l - 1. Let t be d(c). Let m = 98 + t. What are the prime factors of m?
127
Suppose 5*u = -7*f - 27998 + 222521, -f = -4*u - 27789. What are the prime factors of f?
3, 59, 157
Let w = 3512 + 156. What are the prime factors of w?
2, 7, 131
Let t = -13885 + 41745. List the prime factors of t.
2, 5, 7, 199
What are the prime factors of (-2 - -34668) + (-26)/(-26) - 7?
2, 5, 1733
Suppose 0 = -3*g - a - 0*a + 10, -3*g + 30 = -3*a. Suppose g*p = -7*k + 2*k + 1885, 5*k + 1463 = 4*p. List the prime factors of p.
2, 3, 31
Suppose 4*i - 2*i = 25*i. Suppose i = 2*d - 545 + 321. List the prime factors of d.
2, 7
Suppose -d + 2 = -2*v, -4*d - d = -v - 10. Suppose h - 852 = -3*p, 3*p - 5*h = -v*h + 870. List the prime factors of (2/6 - 0)/(5/p).
19
Let v(y) = 110*y - 7 - 24*y + 96*y. Let d be v(1). Let a = -105 + d. List the prime factors of a.
2, 5, 7
Let w be (3 - 4) + 2 + -11. Let h be (-48)/w - (-3)/15. Suppose u - 5*a - 188 = -3*a, h*a = 5*u - 930. What are the prime factors of u?
2, 23
Suppose 0 = 3*w + 15, -w - 2*w + 58890 = 3*v. What are the prime factors of v?
3, 5, 7, 11, 17
Let s(q) = 26*q**2 - 30*q + 1070. What are the prime factors of s(19)?
2, 4943
Suppose 5*u - r - 166932 = 0, -5*u + 70655 = 5*r - 96295. List the prime factors of 2/14 - u/(-217).
2, 7, 11
Let t be (2 - 4)*-13 + 0. Let x = t - 26. Suppose x*u = 5*u - 1090. List the prime factors of u.
2, 109
Let d(x) = 615*x + 1649. List the prime factors of d(20).
13, 29, 37
Let n(c) = 141*c**2 - 4*c - 5. Let s = 656 + -657. What are the prime factors of n(s)?
2, 5, 7
Suppose -33*p = -29*p - 2448. Suppose p = -3*h - 3*i, 3*h + 3*i + 821 = -h. Let w = h + 364. What are the prime factors of w?
5, 31
Let y = -66 + 75. Let o = 24 + y. What are the prime factors of o?
3, 11
Let o = 3621 - 2820. What are the prime factors of o?
3, 89
Let j(u) = 1892*u**2 - 2*u + 2. Let o be j(-1). Let h = -808 + o. List the prime factors of h.
2, 17
Let z be 4*-167*(5 - 57). List the prime factors of 2/(-7) - (z/(-56) + -9).
17, 37
Let c(m) = m**2 - m - 12. Let x be c(4). Let s be 4 - (x - -1)*-1. What are the prime factors of (-1)/s + (-37466)/(-130)?
2, 3
What are the prime factors of ((-962130)/(-91))/((-2)/(-13) - (-10)/(-910))?
2, 3, 5, 2467
Suppose 2*u - 4*z - 28 = -0*u, 5*z + 44 = 4*u. List the prime factors of u/75 - 64192/(-100).
2, 3, 107
Let k(o) = -o**3 - 5*o**2 + 14*o + 46. Let x be k(-6). List the prime factors of (-1203)/(-7) + x/(-14).
2, 43
Suppose 2*j - 3*v + 86 = -v, j + 2*v + 49 = 0. Let k(x) = x**2 + 20*x + 26. Let t be k(-23). Let q = j + t. List the prime factors of q.
2, 5
Let p(j) = j + 17. Let u be p(-16). Let i = u + -36. What are the prime factors of (-795)/i - 4/(-14)?
23
Suppose -2*t + 2*d - 8 - 8 = 0, 5*t = -5*d - 60. Let n(u) = -u - 15. Let z be n(t). What are the prime factors of (-2)/3*z/((-40)/(-1116))?
3, 31
List the prime factors of (-5)/(28/(12924548/(-65))).
35507
Let q = 36804 - 25526. What are the prime factors of q?
2, 5639
Let i = 10764 + 33128. List the prime factors of i.
2, 10973
Let c = 127 + -121. Let g be (-28)/c*(-60)/70. What are the prime factors of (75 + -1)*-20*g/(-32)?
5, 37
Suppose 7724*p - 7669*p - 1045440 = 0. What are the prime factors of p?
2, 3, 11
Suppose -8*a + 4295 = 1287. Let z = a + 60. List the prime factors of z.
2, 109
Suppose 0 = -229*x + 226*x + 63. Let i = x + 200. List the prime factors of i.
13, 17
List the prime factors of 80/90 - (-143893)/9.
59, 271
What are the prime factors of 2*(20/8 + -2) + (-2 - -3947)?
2, 1973
Suppose -52*q - 66*q + 106*q + 254880 = 0. List the prime factors of q.
2, 3, 5, 59
Let m(x) = -2*x**3 - 14*x**2 + x - 48. Let g(h) = h**2 - 29*h + 178. Let d be g(10). What are the prime factors of m(d)?
2, 3, 5, 23
Let s(q) = -783*q + 3997. What are the prime factors of s(-10)?
11827
Suppose -5*k + 3*y + 71010 = 0, -2*k - 5*y + 19902 = -8502. What are the prime factors of k?
2, 3, 263
Let g(p) be the second derivative of 25*p**4/3 + p**3/2 - 14*p**2 + 17*p - 8. List the prime factors of g(4).
2, 3, 11
Let h(g) = g**3 - 29*g**2 - 354*g - 111. What are the prime factors of h(52)?
7, 17, 367
What are the prime factors of ((-2012)/(-16))/(43/2064)?
2, 3, 503
List the prime factors of (0 - -6)/((-21)/(-5481)).
2, 3, 29
Let c = -34920 + 51636. List the prime factors of c.
2, 3, 7, 199
Let i(q) = 3*q**2 + 19*q - 53. Let k be i(15). Let v = 249 + k. What are the prime factors of v?
2, 17
Let d be 51/(-85)*(-10)/3. Suppose -2366 = -d*x - 12*x. List the prime factors of x.
13
Let k = 93 + -62. Let x = k + -31. Suppose x = z + 1, -4*z + 71 + 85 = 4*i. What are the prime factors of i?
2, 5
Suppose 5*v = 4*c + 1869, 4*v + 902 = 4*c - 6*c. Let k = -421 - c. List the prime factors of k.
2, 5
Suppose -4*t = 6*i - 270962, 0 = 5*i + 3*t - 343990 + 118191. What are the prime factors of i?
5, 11, 821
List the prime factors of (199611/(-48))/((-9)/12) + (-12)/16.
2, 3, 7, 11
Let u(p) = 4*p**3 + 2*p**2 + 12*p - 3. Let c = -182 + 188. What are the prime factors of u(c)?
3, 5, 67
Suppose 4*j + 2 - 14 = 0. Let t(b) = 8 - 17 + j*b + 12. List the prime factors of t(6).
3, 7
Let u(g) be the third derivative of 37*g**4/24 - 5*g**3/3 - 18*g**2. Let v = -28 + 30. List the prime factors of u(v).
2
Suppose 2220 = -15*b + 27*b. Let p = -117 + b. What are the prime factors of p?
2, 17
Let t = 11 + -8. Suppose 4*y - 2*i + 2 = 0, -3*y + t*i = -2*i + 19. Suppose y*a - 56 = a. List the prime factors of a.
2, 7
Let v = -10 - -20. Let k(n) = 6*n**2 + 4*n + 6. Let f be k(v). What are the prime factors of f/7 + 26/(-91)?
2, 23
Let q = 107 - 101. Suppose -q*w = -3086 - 3646. What are the prime factors of w?
2, 3, 11, 17
Let u(q) = q + 14. Let p be u(6). Let m = p + -14. Let n = 131 - m. List the prime factors of n.
5
Suppose -d - 37 = -35. Let w be -10*d/(-15)*24/(-8). Suppose -t + 4*u + 40 = 0, u + 190 = w*t - 0*t. What are the prime factors of t?
2, 3
Let h = 23 - 26. List the prime factors of (-1665)/h - (2 - 2).
3, 5, 37
Let v = 3 - -2. Suppose 4*n - 37 + v = 0. Suppose -3*o - n = -35. List the prime factors of o.
3
Let q(p) = p**2 + 5*p + 2. Let m be q(-5). Suppose 0 = 4*j - x + 2*x + 92, -m*x = -3*j - 80. Let y = 131 - j. List the prime factors of y.
5, 31
Suppose -310 + 1300 = 9*t. Suppose 21*f + t = 26*f. What are the prime factors of f?
2, 11
Suppose 4*a = 20813 + 12279. What are the prime factors of a?
8273
Suppose -477*b = -508*b + 176545. List the prime factors of b.
5, 17, 67
Let l(x) = x**3 + 97*x**2 + 551*x + 250. What are the prime factors of l(-90)?
2, 5, 23
Let c be (-2 + 7)/45 + (-34)/(-18). Let r(x) = 59*x**3 - 2*x**2 - 2*x + 6. List the prime factors of r(c).
2, 233
Let a(q) = -q + 39 - 2 + 46 + 39. What are the prime factors of a(-18)?
2, 5, 7
Suppose -4*r = -r - 375. Let c = r + 1. Let i = c - -31. List the prime factors of i.
157
Suppose 4*a + 1 = 5. Let b be (-118)/(-4)*(-1)/a*-2. Suppose 253 + b = 4*n. List the prime factors of n.
2, 3, 13
Suppose -2 = -3*i - 17, 5*w = -3*i - 30. Let u(n) = -33*n**3 - 6*n**2 + n + 18. List the prime factors of u(w).
2, 3, 71
Let r be 52/130 + 57/(-5)*-24. Let b = r - 434. What are the prime factors of (-5)/(-2)*(-11712)/b?
3, 61
Suppose -8 = -3*g + 7. Suppose i + 3614 = 4*m - 0*i, 3*m = g*i + 2702. Suppose -m = -5*x + 3*r, 170 = x - r + 4*r. List the prime factors of x.
179
Suppose 19*p - 37632 - 59946 = 193483. What are the prime factors of p?
15319
List the prime factors of ((-4697)/(-2) - -1)/(-22 - (-7107)/322).
7, 37, 127
Let w(m) be the second derivative of -m**4/12 - 2*m**3/3 + 7*m**2/2 + 13*m. Let t be w(-9). Let z = t + 110. List the prime factors of z.
2, 3
Let i = 3781 - -6345. List the prime factors of i.
2, 61, 83
Suppose 0 = -74*b + 95*b - 42. Suppose -m - 449 = 4*w - 1182, 0 = 3*m - b*w - 2255. What are the prime factors of m?
7, 107
Let h = -7253 + 46993. List the prime factors of h.
2, 5, 1987
Let n be 2/(-5) - 1280/(-200). Suppose n*l = 35*l - 54578. List the prime factors of l.
2, 941
Suppose 916192 + 916288 = 104*z. What are the prime fa